(t) = 21*t**2 + 930*t + 7814. Determine j(-33).
-7
Let t(l) = 10*l**2 + 487*l + 659. Calculate t(-18).
-4867
Let t(c) = 2*c**3 + 3*c**2 - 214*c - 1019. Give t(-5).
-124
Let s(b) = -10*b**3 - 2*b**2 - 5*b + 34. Give s(4).
-658
Let m(r) = 47462*r - 759451. Determine m(16).
-59
Let x(l) = -5*l**2 + 6906*l - 6902. Determine x(1).
-1
Let i(h) = -5*h**2 + 38*h + 1660. Calculate i(-25).
-2415
Let r(u) = 2*u**3 + 5*u**2 + 16360*u + 199060. Calculate r(-12).
4
Let b(g) = 10*g**3 - 2*g**2 - 60*g + 187. Give b(7).
3099
Let c(u) = 3*u**2 - 304*u - 32153. Calculate c(166).
51
Let q(u) = 2*u**3 + 40*u**2 - 187*u - 60. Determine q(5).
255
Let g(l) = -l**3 + 75*l**2 - 484*l - 407. What is g(8)?
9
Let p(o) = 2*o**3 + 405*o**2 + 20078*o + 8301. Calculate p(-117).
-6
Let i(c) = -c**2 + 94*c - 1527. Determine i(74).
-47
Let d(l) = -l**3 + 23*l**2 + 38*l - 1649. Give d(21).
31
Let v(d) = -5*d**2 - 1359*d - 15329. Calculate v(-260).
11
Let w(j) = 21*j**2 - 47*j + 615. Give w(11).
2639
Let i(y) = -81*y**2 + 4799*y - 1089. Give i(59).
91
Let m(p) = -9*p**3 + 154*p**2 + 182*p - 108. What is m(18)?
576
Let k(l) = 4*l**3 - 1219*l**2 - 283*l - 6775. Determine k(305).
-65
Let n(p) = 53157*p - 531559. Calculate n(10).
11
Let a(g) = -421*g - 100492. Calculate a(-248).
3916
Let y(p) = -5*p**3 - 354*p**2 + 94*p + 3687. Determine y(-71).
2054
Let b(q) = 4235*q - 8579. Give b(2).
-109
Let v(a) = -657*a - 10776. Determine v(-17).
393
Let y(g) = 30505*g + 427017. Give y(-14).
-53
Let i(f) = 2*f**2 + 529*f + 10788. Determine i(-21).
561
Let k(i) = i**3 - 91*i**2 - 112*i + 1446. What is k(92)?
-394
Let p(h) = -h**3 - 36*h**2 - 65*h - 135. Give p(-34).
-237
Let v(y) = 3203*y - 169982. Calculate v(53).
-223
Let o(y) = 8*y**2 - 796*y + 1192. Determine o(98).
16
Let n(l) = 23535*l + 282427. Calculate n(-12).
7
Let a(i) = -24*i**3 + 22*i**2 - 27*i + 5. What is a(4)?
-1287
Let u(j) = j**3 + 21*j**2 + 1162*j + 24577. Calculate u(-21).
175
Let i(b) = -44080*b - 88285. What is i(-2)?
-125
Let l(v) = 4659*v**2 + 5311261*v + 1127. What is l(-1140)?
-13
Let b(f) = -f**2 + 613*f - 5970. Give b(10).
60
Let m(j) = 10*j**2 - 1463*j - 8705. Calculate m(-6).
433
Let u(d) = -d**2 + 4309*d - 242363. What is u(57)?
1
Let w(c) = 249016*c + 1992193. Determine w(-8).
65
Let f(i) = -43*i**2 - 379*i - 1104. Determine f(-3).
-354
Let q(w) = -31*w**2 - 7768*w + 3295. Determine q(-251).
32
Let d(m) = -346*m + 34935. Determine d(101).
-11
Let o(y) = y**3 - 6*y**2 - 136*y - 69. Calculate o(-6).
315
Let f(i) = -2*i**3 - 14*i**2 - 822*i - 5732. Determine f(-7).
22
Let n(k) = 6*k**2 + 84*k. What is n(-5)?
-270
Let y(c) = -2565*c + 9515. Give y(4).
-745
Let i(a) = -3*a**2 + 359*a - 4852. Determine i(15).
-142
Let d(j) = 48*j**2 + 1344*j - 236. Calculate d(-28).
-236
Let w(b) = 333*b + 24532. Calculate w(-76).
-776
Let p(k) = -278*k + 54953. What is p(198)?
-91
Let w(a) = -a**2 + 63149*a + 1768942. Determine w(-28).
-14
Let b(w) = 7555*w - 7356. Give b(1).
199
Let x(a) = -a**3 - 35*a**2 - 302*a + 19. What is x(-19)?
-19
Let n(a) = 324*a - 118500. Determine n(365).
-240
Let n(d) = -d**3 - 163*d**2 - 9341*d - 1595722. Give n(-165).
-7
Let v(o) = o**3 + 6*o**2 - 6723*o - 26921. Determine v(-4).
3
Let a(n) = 8*n**2 - 827*n - 10701. Calculate a(115).
-6
Let x(h) = -39*h + 1082. Determine x(16).
458
Let y(t) = 2*t**3 + 33*t**2 + 41*t + 64. Determine y(-18).
-1646
Let m(i) = 36277*i + 362829. Give m(-10).
59
Let i(n) = 22718*n + 317789. Determine i(-14).
-263
Let w(u) = 13*u**2 + 2524*u + 21715. What is w(-9)?
52
Let f(x) = 29*x**2 - 76*x - 587. Give f(-7).
1366
Let w(t) = 2*t**3 + 38*t**2 + 46*t + 65. Give w(-18).
-115
Let d(u) = -7*u**2 + 20*u + 61. Calculate d(8).
-227
Let n(h) = -h**3 - 19*h**2 - 166*h - 56. Determine n(-6).
472
Let k(m) = 2*m**3 + 868*m**2 - 3504*m - 195. Give k(-438).
-195
Let l(m) = -17802*m - 747676. What is l(-42)?
8
Let h(z) = -5*z**3 - 72*z**2 + 157*z + 3252. Calculate h(-13).
28
Let c(r) = -5*r**2 + 535*r + 5219. Determine c(-9).
-1
Let n(x) = 2466*x - 315651. Determine n(128).
-3
Let m(b) = -1292*b - 35851. Give m(-28).
325
Let z(p) = -3*p**3 + 2*p**2 + 42*p + 94. Determine z(-3).
67
Let c(v) = -92*v**2 - 199*v + 217. Give c(1).
-74
Let a(p) = 131*p + 11152. Calculate a(-85).
17
Let b(d) = -34*d**2 - 161*d + 892. Determine b(-8).
4
Let i(v) = v**3 - 31*v**2 + 59*v - 1237. Determine i(28).
-1937
Let s(a) = a**3 - 62*a**2 - 73*a + 353. Determine s(63).
-277
Let i(r) = 4*r**2 - 193*r - 1534. What is i(-8)?
266
Let o(m) = 24*m**2 + 1004*m - 180. Determine o(-42).
-12
Let d(u) = 3*u**3 + u**2 + 28*u + 195. What is d(-6)?
-585
Let l(x) = x**3 + 8*x**2 - 7*x + 32. Calculate l(-7).
130
Let w(f) = f**3 - 35*f**2 - 147*f + 130. What is w(39)?
481
Let h(d) = 48*d**3 - 34*d**2 + 3*d + 13. Calculate h(-3).
-1598
Let m(i) = -7030*i + 330375. What is m(47)?
-35
Let u(k) = -562610*k - 3375660. Calculate u(-6).
0
Let c(r) = 847*r + 4428. Calculate c(-5).
193
Let q(s) = 807*s**2 - 5685*s + 5024. Calculate q(6).
-34
Let r(i) = i**2 + 135*i - 30672. Determine r(120).
-72
Let c(b) = -b**3 + 156*b**2 - 1990*b + 110. Determine c(142).
-174
Let c(k) = k**3 - 40*k**2 - 63*k + 181. Calculate c(41).
-721
Let z(t) = -t**3 - 240*t**2 - 1857*t + 1177. Calculate z(-232).
1409
Let x(o) = -o**3 + 204*o**2 + 1028*o + 3325. Give x(209).
-228
Let i(r) = 202452*r - 33404583. What is i(165)?
-3
Let h(y) = 7*y**3 - 558*y**2 - 2521*y + 95. Give h(84).
11
Let i(x) = 21*x**3 - 18*x**2 + 29*x - 18. Calculate i(2).
136
Let r(s) = -s**2 - 51*s + 641. What is r(13)?
-191
Let w(x) = 31*x**2 - 5202*x - 36352. Give w(-7).
1581
Let c(g) = -2*g**2 - 14988*g - 194498. Give c(-13).
8
Let x(a) = 112*a - 4958. Give x(47).
306
Let j(g) = 2591*g + 132178. Give j(-51).
37
Let l(r) = -3*r**3 - 47*r**2 + 54*r + 1018. Give l(-16).
410
Let o(z) = 6*z**2 + 167*z + 225. Calculate o(-27).
90
Let x(p) = -3233*p + 18586. Give x(5).
2421
Let c(f) = 3*f**3 + 180*f**2 + 550*f + 22006. Determine c(-59).
-1
Let j(o) = -4*o**3 + 40*o**2 - 1911*o + 19115. Determine j(10).
5
Let m(r) = 7339*r - 1827410. Give m(249).
1
Let s(u) = 22426*u + 246750. Calculate s(-11).
64
Let g(a) = -101*a**3 - 43030*a**2 - 1701*a + 1289. Determine g(-426).
11
Let t(s) = 384863*s - 3078890. Calculate t(8).
14
Let t(v) = 15*v**2 - 335*v + 1898. What is t(11)?
28
Let k(q) = 5*q**2 - 226*q + 4182. Determine k(22).
1630
Let w(m) = 1801*m - 86437. Calculate w(48).
11
Let a(w) = w**3 + 25*w**2 - 75*w - 413. Give a(-21).
2926
Let u(y) = y**3 + 52*y**2 - 682*y + 244. Determine u(-63).
-449
Let n(r) = -r**3 - 30*r**2 - 8044*r - 232361. Calculate n(-29).
74
Let b(x) = 494*x + 108723. Give b(-220).
43
Let i(p) = 4*p**3 - 129*p**2 - 2225*p + 72195. Give i(32).
-29
Let i(x) = -13*x + 1417. What is i(137)?
-364
Let p(c) = -1179*c**3 + 99*c**2 - 97*c - 2. Calculate p(1).
-1179
Let i(r) = r**2 - 16*r - 26878. Give i(-156).
-46
Let m(j) = -j**2 + 89*j + 439. Determine m(-34).
-3743
Let l(o) = 5675507*o - 5675501. Give l(1).
6
Let k(m) = -86*m + 636. Calculate k(-7).
1238
Let w(m) = 211*m + 35456. Determine w(-161).
1485
Let k(w) = -333*w**2 + 2006*w + 18. Calculate k(6).
66
Let w(t) = 769*t - 7664. Determine w(10).
26
Let y(c) = -c**2 - 1822*c + 40665. Give y(22).
97
Let s(u) = -275*u - 3286. What is s(-23)?
3039
Let q(f) = f**3 + 22*f**2 - 13*f - 63. Calculate q(-20).
997
Let b(t) = t**3 - 154*t**2 - 1252*t + 368. Determine b(-8).
16
Let h(l) = l**3 + 4*l**2 - 294*l + 1552. Give h(7).
33
Let h(l) = 2352*l + 21171. Calculate h(-9).
3
Let r(p) = p**3 - 60*p**2 + 65*p - 334. What is r(13)?
-7432
Let u(t) = -22389*t - 111936. Give u(-5).
9
Let y(o) = 2*o**3 - 7*o**2 + 69*o - 448. Give y(7).
378
Let u(x) = 26*x**2 + 2619*x - 8900. Calculate u(-104).
-60
Let v(q) = 8*q**2 + 951*q + 7899. Determine v(-9).
-12
Let v(z) = 4077*z - 892819. What is v(219)?
44
Let h(z) = -19*z**3 - 2069*z**2 + 225*z + 763. Determine h(-109).
0
Let o(z) = 22351*z + 1832841. What is o(-82)?
59
Let t(w) = 2*w**2 + 48*w - 150. Calculate t(-27).
12
Let t(d) = -6*d**3 - 455*d**2 + 348*d + 20427. Give t(-76).
-245
Let d(t) = -4*t**2 + 3102*t + 24848. Calculate d(-8).
-224
Let k(y) = 2675*y + 26728. Determine k(-10).
-22
Let k(v) = 2875*v + 4275141. Determine k(-1487).
16
Let a(i) = 17976*i - 9095842. Give a(506).
14
Let g(u) = u**3 + 2